2, 11
List the prime factors of (-1 - (6789/(-4) - (-12)/16))*10.
5, 3391
Suppose -91407 = -7*v - 26013. What are the prime factors of v?
2, 3, 173
Let i(z) = 18*z**2 + 0 + 5*z**3 - 6*z**3 - 21*z - 21*z - 6. List the prime factors of i(10).
2, 11, 17
What are the prime factors of (-54170)/(-4) - 94/(-188)?
29, 467
Suppose -416*a + 60084 = -410*a. Suppose 28*i + 718 - a = 0. What are the prime factors of i?
2, 83
Let z(v) = v**3 + 8*v**2 - 8*v + 7. Let d be z(-9). Let k be (-2 - (3 - d)) + 1. What are the prime factors of k*(-5)/(-2)*52/(-20)?
3, 13
Suppose 4*y - 4*a = 37132, 3*y - 99*a + 98*a = 27837. List the prime factors of y.
9277
Let t(f) = 6*f**3 + 2*f**2 - 7*f - 11. Suppose 0 = -2*k - 2 - 4. Let c be t(k). What are the prime factors of -17*c/14 - (-2)/7?
163
Let p be 1*-2 - 1/((-8)/(-7704)). Let r = -566 - p. List the prime factors of r.
3, 7, 19
Let p = -907 - -4026. What are the prime factors of p?
3119
List the prime factors of (-1023798)/(-14) - (4/1 + (-500)/140).
2, 3, 11, 277
Suppose -211 = 2*w - u, 3*w - u = u - 316. Let t = 83 - w. List the prime factors of t.
3, 7
Let y = 343 + 779. Suppose -y = -5*u + 3*b, 197 + 41 = u - 4*b. List the prime factors of u.
2, 3, 37
What are the prime factors of (4 - (31 + -5))*-693?
2, 3, 7, 11
List the prime factors of (-2860303)/(-299) + (-15)/65.
2, 4783
Let n = 16 - 5. Suppose 0 = 4*g - n - 1. Suppose -5*w - 15 = -3*o + 242, -g*w + 15 = 0. What are the prime factors of o?
2, 47
Suppose 5*t = -s + 56622, 4*s = -3*t + 15559 + 18421. List the prime factors of t.
2, 19, 149
Suppose -2*p + 1 - 13 = -2*j, 0 = -2*j - 4*p - 12. Suppose -3*t + 1914 = w, 5*w = -j*t - 1361 + 10892. What are the prime factors of w?
3, 5, 127
Let k(x) = x**2 + 2*x + x**2 - 3*x**2 + 18. Let g(y) = y**3 - 4*y**2 - 2*y + 8. Let m be g(4). List the prime factors of k(m).
2, 3
Let m(n) = 7*n - 1. Let r be m(-3). Let k = -18 - r. Suppose -3*u + 5*u - 2*t - 110 = 0, 4*u - 228 = -k*t. What are the prime factors of u?
2, 7
Suppose 292521 = 32*b - 76183. List the prime factors of b.
2, 7, 823
Let f(a) = 181*a + 391. List the prime factors of f(17).
2, 3, 17
Suppose -44 = -4*k - 0*k. Suppose k*f = 2*f + 2079. List the prime factors of f.
3, 7, 11
Suppose 25*d - 23*d = 2*l - 7336, 3*l - 11012 = 5*d. What are the prime factors of l?
2, 229
Suppose -2*r + 0*r - 230 = 0. Let v = r - -334. What are the prime factors of v?
3, 73
Let n(z) = -1 - 6 - z**2 + 10*z + 5 - 8. List the prime factors of n(2).
2, 3
Let n = -91 + 108. Suppose -n*v - 1857 = -20*v. Let f = v + -425. List the prime factors of f.
2, 97
Let u = 2651 - 1185. List the prime factors of u.
2, 733
Suppose 35*w - 3885 = 27335. Suppose 2*b - 1441 = 5*s, 3*b - s - w = 1263. List the prime factors of b.
2, 359
Let c be 78*((1 - 2) + 77/21). List the prime factors of c/(-6)*105/(-10).
2, 7, 13
Suppose 4*w - 70 = 798. Suppose -4*i + w = -3*i - 4*j, -2*j + 1129 = 5*i. Suppose -47*b = -44*b - i. What are the prime factors of b?
3, 5
Suppose -5*q - 27 = -7*q - 5*p, 4*q + 4*p - 48 = 0. Let l(w) = -w**3 + 17*w**2 + 25*w - 1. List the prime factors of l(q).
2, 5
Suppose 5*g + t + 49760 = 170586, -4*g = -2*t - 96658. List the prime factors of g.
3, 5, 179
Let c(o) = 6*o + 83. Let x be c(11). Suppose 75 + 193 = 4*z. Let k = x - z. List the prime factors of k.
2, 41
Suppose 0 = 9*v + 82 + 188. List the prime factors of 732*(3 + v/(-8) + -6).
3, 61
Let u = -1390 - -5047. Let o = u + -2564. Suppose 5*s - 4*t - 1098 = 0, -421 = 3*s + 2*t - o. List the prime factors of s.
2, 3, 37
Let s(b) = 27 - 20*b - 24*b + 42*b. Let o be s(12). Let r = 11 - o. What are the prime factors of r?
2
Let b(d) = -2*d**3 - 2*d**2 + 25*d - 11. List the prime factors of b(-19).
2, 3, 5, 139
Let g be 2 + -1 + 172*(6 - 7). Let s = g - -81. Let y = s - -165. List the prime factors of y.
3, 5
Let r(k) = 810*k**3 + k**2. Suppose 0 = -2*p - 3*x - 8 - 5, 0 = p - 4*x - 21. List the prime factors of r(p).
811
Let i = -269 - -138. Let r = -55 - i. Suppose 206 = 6*w - r. List the prime factors of w.
47
What are the prime factors of (30/(-45))/(2/(-42909))?
14303
Let k be (-4 + 35/10)*-4. Suppose 3*p - 15 = 2*w, -3*p - k*w + 3*w + 12 = 0. Suppose -p*y = 4*t - 62, 0 = 3*t - t - 5*y - 18. What are the prime factors of t?
2, 7
Let b(s) be the second derivative of -8*s**5/15 - 7*s**4/12 - 9*s**3/2 + 16*s. Let t(p) be the second derivative of b(p). What are the prime factors of t(-2)?
2, 3, 19
What are the prime factors of ((-454032)/504)/(12/(-448))?
2, 1051
Let u(s) = s**3 + 49*s**2 - 40*s + 98. What are the prime factors of u(-43)?
2, 3, 269
List the prime factors of (7 - 4) + -11 - (10 - 9810).
2, 3, 17
Let k be 299/2 - (-3 - 5/(-2)). Let c = k + -147. Suppose 3*p - 727 = -4*d, -c*d = 3*p - d - 719. List the prime factors of p.
3, 79
Let y = 706 - 670. Suppose 0 = y*l - 8*l - 35196. List the prime factors of l.
3, 419
Suppose -15*h + 4781 = -8*h. Suppose -5*g = -4*x - 111 + 1486, 0 = -2*x + g + h. List the prime factors of x.
2, 5, 17
Let q(p) = -2*p**2 - 17*p - 26. Let d be q(-7). Let r(m) = -m**3 + 6*m**2 - m + 20. What are the prime factors of r(d)?
2, 3, 5
Let w be 153/1 - (1 - -7). Let u(b) = -25*b - 6. Let q be u(3). Let d = q + w. What are the prime factors of d?
2
What are the prime factors of 132068/14 + 5/(595/(-51))?
9433
Let l(n) be the first derivative of -n**3/3 + 13*n**2/2 + 5*n + 3. Let b be l(11). Let f = b - 12. What are the prime factors of f?
3, 5
Suppose 151*n - 149*n - 11336 = 0. Suppose 0 = -5*a - 5*j + 7070, 11*a - 7*a + j = n. List the prime factors of a.
2, 709
Suppose 2*w - 6 = 3*c, 4*w = -w + 5*c + 10. Suppose 5*d - 5*i - 65 = w, 0*i = d + i - 23. What are the prime factors of 12/378*7 + 2624/d?
2, 73
Let h(z) = -z**3 + 5*z**2 + 6*z - 3. Let n be h(6). Let f be 33/77 + 4/(28/n). Suppose f = 4*s + 2*s - 336. What are the prime factors of s?
2, 7
Let j(y) = -81*y - 4. Let n be j(-3). Let s = n - 172. List the prime factors of s.
67
Suppose 17*z = 12*z + 1615. Suppose -1657 = -12*r + z. List the prime factors of r.
3, 5, 11
Let g(n) = 10*n**3 - 6*n**2 + 6*n - 62. What are the prime factors of g(7)?
2, 19, 41
Let n be 51*(36/45 + (-2)/(-10)). Suppose 57 - n = z. List the prime factors of 2010/20*8/z.
2, 67
Suppose 61*r - 50*r = 33. Let x(f) = 158*f + 57. What are the prime factors of x(r)?
3, 59
Let g(d) = -3*d + 1 + 2*d - 2*d. Let z be g(-10). Suppose -5*c - 11 = -z. List the prime factors of c.
2
Let w = 62 + -122. Let j = -63 - w. Let p(h) = h**3 + 6*h**2 + h + 3. List the prime factors of p(j).
3
Let h = 831 + 2255. List the prime factors of h.
2, 1543
Let u = 10775 + -7110. What are the prime factors of u?
5, 733
Suppose 5*c + 137 = 607. Suppose -2 = -6*g + c. List the prime factors of g.
2
Suppose -71 = 4*l - 87. Let v be (-3)/((-9)/2220) - (l - 3). Let c = v + -494. List the prime factors of c.
5, 7
Suppose 470378 = 45*r - 57247. List the prime factors of r.
5, 7, 67
Suppose 123*y = 127*y - 8. Suppose -6*z + 3*z - y*p + 886 = 0, 0 = 5*z - 3*p - 1445. List the prime factors of z.
2, 73
Let r(u) = u**3 + 5*u**2 + 6*u + 14. Let y be r(-8). Suppose 0 = g - 6*g - 410. Let l = g - y. List the prime factors of l.
2, 3
Suppose 0 = -11*u - 1558 + 11733. Let j be (u/(-30) - 1) + 2/(-12). List the prime factors of 4*218*(-4)/j.
109
Let x be ((-8370)/5)/(4 - 6). Let z = x - 477. List the prime factors of z.
2, 3, 5
Suppose 374159 = 4*l + 83*b - 82*b, -9*l + 841874 = -b. What are the prime factors of l?
7, 23, 83
Let t = -2037 + 3937. Let a be (-8)/10*11/(88/t). Let s = a + 276. What are the prime factors of s?
2, 43
Suppose 5*x - 48771 = 4*u, 4*u - 39060 = 134*x - 138*x. List the prime factors of x.
3, 3253
Let y(b) = 39*b + 442. Let a be y(0). Suppose 16*v = a + 4246. What are the prime factors of v?
293
Let f(q) = -6*q**2 + 15*q - 4. Let w(i) = i. Let m(n) = -f(n) + 5*w(n). Let r(l) = -l**2 - 52*l + 230. Let x be r(-56). What are the prime factors of m(x)?
2, 5
Suppose 20260 = 16*o - 75036. Suppose 3*w = -3*r + 3552, -7*w + o = 5*r - 11*w. What are the prime factors of r?
2, 3, 11
Suppose 0 = t - r - 8538, -13*t + 5*r + 17088 = -11*t. What are the prime factors of t?
2, 17, 251
What are the prime factors of 24121 + 0 + 0 - 0*6/18?
24121
What are the prime factors of (-10 - -12) + -2 + 2/(2/5543)?
23, 2